348522?
False
Is 110055900 a multiple of 10?
True
Is 27331033 a multiple of 323?
False
Is 510 a factor of 164517682?
False
Is 1177071 a multiple of 37?
False
Is 578 a factor of 230812111?
False
Is 83540485 a multiple of 9?
False
Is 2987100 a multiple of 180?
True
Is 108 a factor of 981452268?
True
Is 708 a factor of 2015506210?
False
Is 785577420 a multiple of 460?
True
Is 8 a factor of 2416415568?
True
Is 1198 a factor of 5765974?
True
Does 15 divide 292814485?
False
Does 1532 divide 25021045?
False
Is 22 a factor of 6090172?
True
Is 184 a factor of 18160064?
True
Is 20 a factor of 85609240?
True
Does 45 divide 52977330?
True
Is 140544320 a multiple of 160?
True
Does 530 divide 3449721770?
True
Does 22 divide 18984262?
True
Is 9811308 a multiple of 78?
True
Is 47488212 a multiple of 9?
True
Is 36371439 a multiple of 13?
True
Is 140804319 a multiple of 17?
True
Is 107 a factor of 127767490?
False
Is 425 a factor of 1141536913?
False
Is 2895 a factor of 3811391985?
True
Is 35758184 a multiple of 44?
True
Is 181 a factor of 116776675?
True
Does 10 divide 828985760?
True
Is 86141250 a multiple of 465?
True
Does 361 divide 9280949?
True
Is 7481600 a multiple of 175?
True
Does 19 divide 57137968?
False
Does 64 divide 521482190?
False
Is 685 a factor of 51768190?
True
Is 1279688819 a multiple of 59?
True
Does 55 divide 169590465?
True
Is 541 a factor of 24365318?
False
Does 1542 divide 128265317?
False
Does 76 divide 1528868866?
False
Is 987602675 a multiple of 2725?
True
Does 16 divide 1013346809?
False
Is 13 a factor of 58071483?
False
Does 14 divide 66384251?
False
Does 25 divide 1002278095?
False
Is 6 a factor of 34123054?
False
Does 2582 divide 399621304?
True
Is 9712826 a multiple of 809?
False
Is 27524616 a multiple of 8623?
True
Does 2516 divide 458099709?
False
Does 102 divide 1756236?
True
Is 26 a factor of 1398404748?
True
Is 54448926 a multiple of 153?
False
Is 75606730 a multiple of 140?
False
Does 227 divide 13273000?
False
Is 19057290 a multiple of 105?
True
Is 54605159 a multiple of 167?
True
Is 48 a factor of 473201514?
False
Does 408 divide 204633624?
True
Is 1446710608 a multiple of 9224?
True
Is 143613071 a multiple of 2051?
True
Is 410461482 a multiple of 3?
True
Does 220 divide 55318314?
False
Does 3216 divide 941878571?
False
Is 6 a factor of 426917481?
False
Is 107194661 a multiple of 870?
False
Is 38 a factor of 152906946?
True
Is 12190754 a multiple of 394?
True
Is 90 a factor of 57707010?
True
Is 89622498 a multiple of 56?
False
Is 1132 a factor of 1149585620?
True
Is 1776828 a multiple of 563?
True
Does 197 divide 4227034?
False
Is 136 a factor of 36961082?
False
Is 736 a factor of 7778048?
True
Is 113692551 a multiple of 47?
False
Is 16037310 a multiple of 432?
False
Is 20 a factor of 71537260?
True
Is 220 a factor of 47551460?
True
Is 3987075 a multiple of 7?
False
Is 2606573 a multiple of 48?
False
Is 1201 a factor of 6909353?
True
Is 23 a factor of 1132004542?
False
Is 428998278 a multiple of 31?
False
Is 233 a factor of 12660141?
False
Is 289116482 a multiple of 415?
False
Is 80 a factor of 73927200?
True
Is 2792 a factor of 47519103?
False
Is 40607172 a multiple of 9?
True
Is 598 a factor of 84466165?
False
Is 374825179 a multiple of 3491?
True
Is 72695773 a multiple of 5?
False
Does 49 divide 3436139118?
False
Does 24 divide 55423020?
False
Does 1479 divide 2350014439?
False
Is 241 a factor of 40388226?
True
Does 8 divide 127372464?
True
Is 3889600 a multiple of 544?
True
Does 1442 divide 46582368?
True
Does 36 divide 640939783?
False
Does 931 divide 5824336?
True
Does 374 divide 39998178?
True
Is 557 a factor of 1442706309?
True
Does 423 divide 54721818?
True
Does 12 divide 2492183?
False
Is 660 a factor of 36777840?
True
Does 2891 divide 176340768?
False
Does 19 divide 194959936?
False
Is 22645986 a multiple of 382?
False
Does 54 divide 107875164?
False
Does 2032 divide 115630777?
False
Is 17 a factor of 51655809?
True
Is 330973441 a multiple of 35?
False
Does 2676 divide 6201436?
False
Is 14380104 a multiple of 129?
False
Is 1033200126 a multiple of 119?
True
Does 173 divide 1176778188?
False
Is 99836630 a multiple of 106?
True
Is 2683 a factor of 54955889?
True
Is 14240 a factor of 1831691494?
False
Is 114192995 a multiple of 697?
True
Is 3216955976 a multiple of 26?
True
Is 449 a factor of 41832432?
True
Is 365485048 a multiple of 1627?
False
Is 35662662 a multiple of 1149?
True
Is 14 a factor of 31800370?
True
Is 2259 a factor of 191411363?
False
Is 212193503 even?
False
Is 271285339 a multiple of 19?
False
Does 62 divide 3592021974?
False
Is 10 a factor of 26826220?
True
Is 38 a factor of 19190311?
False
Is 59 a factor of 31673389?
False
Is 237101436 a multiple of 316?
True
Is 914641447 a multiple of 1601?
False
Is 12 a factor of 201157525?
False
Is 186561546 a multiple of 50?
False
Is 7007418 a multiple of 325?
False
Does 20 divide 22049580?
True
Does 2093 divide 65590572?
False
Is 1233912 a multiple of 21?
False
Does 475 divide 62858650?
True
Does 560 divide 46666582?
False
Is 28 a factor of 24400246?
False
Is 90765272 a multiple of 1198?
True
Is 189803538 a multiple of 21?
False
Does 613 divide 13946363?
True
Does 51 divide 521091458?
False
Does 39 divide 4002063?
True
Is 141951701 a multiple of 2544?
False
Is 68703341 a multiple of 1231?
True
Does 4931 divide 1681234312?
True
Is 371092663 a multiple of 722?
False
Is 312 a factor of 17838264?
False
Is 17 a factor of 4969906990?
True
Is 15 a factor of 46070415?
True
Is 33347980 a multiple of 2395?
True
Is 1275 a factor of 36713625?
True
Is 31 a factor of 66173592?
True
Is 4078 a factor of 1577717030?
True
Is 46284681 a multiple of 3?
True
Does 16 divide 9894057?
False
Does 162 divide 143455944?
False
Does 24 divide 66560208?
True
Does 22 divide 79960668?
False
Is 228269802 a multiple of 713?
True
Does 11 divide 7481760?
True
Is 269186240 a multiple of 48?
False
Does 13 divide 4548502361?
True
Does 28 divide 185744832?
True
Does 65 divide 85168029?
False
Is 31260853 a multiple of 1675?
False
Is 1442767879 a multiple of 889?
True
Does 481 divide 82293328?
True
Does 29 divide 279966?
True
Is 72768830 a multiple of 733?
False
Is 2 a factor of 263051274?
True
Does 23 divide 3161643240?
False
Does 3 divide 544698492?
True
Is 81484064 a multiple of 1184?
True
Is 26 a factor of 234589336?
False
Does 3496 divide 31942952?
True
Is 94 a factor of 237744706?
True
Is 1418976 a multiple of 11?
False
Is 19018676 a multiple of 1318?
False
Does 2424 divide 7222508?
False
Is 49195755 a multiple of 450?
False
Does 12 divide 203728887?
False
Is 37161796 a multiple of 18?
False
Is 4054 a factor of 3458580912?
True
Does 473 divide 28205039?
False
Is 29 a factor of 314647367?
False
Is 15855993 a multiple of 69?
True
Is 17 a factor of 16728306?
True
Is 606501985 a multiple of 24?
False
Is 293 a factor of 25124164?
True
Does 88 divide 116276688?
True
Is 34869374 a multiple of 26?
False
Is 42 a factor of 96088366?
False
Is 265367850 a multiple of 55?
True
Does 146 divide 37377073?
False
Does 2433 divide 228237050?
False
Is 10 a factor of 30268120?
True
Is 291 a factor of 377863791?
True
Is 20027286 a multiple of 37?
True
Is 349 a factor of 19071172?
False
Is 17222016 a multiple of 301?
True
Is 366623968 a multiple of 31?
False
Is 56 a factor of 894732496?
True
Does 20 divide 4025520?
True
Is 3354 a factor of 122199636?
True
Is 33 a factor of 31843779?
True
Does 110 divide 1096794595?
False
Is 7826 a factor of 2640351532?
True
Does 12 divide 231925728?
True
Is 1231121844 a multiple of 306?
True
Does 6 divide 1822466958?
True
Does 366 divide 1315618476?
True
Is 19953378 a multiple of 9?
True
Is 999076359 a multiple of 782?
False
Is 40441200 a multiple of 400?
True
Does 207 divide 31225522?
False
Does 13 divide 8273044?
True
Is 12582024 a multiple of 14?
True
Is 2600946 a multiple of 302?
False
Is 1169538474 a multiple of 59?
True
Does 523 divide 137119094?
True
Is 23 a factor of 59411349?
False
Is 5729767 a multiple of 79?
False
Is 7 a factor of 515752755?
True
Does 75 divide 37557880?
False
Is 4901328 a multiple of 1616?
True
Is 71590997 a multiple of 116?
False
Is 1817493176 a multiple of 98?
False
Does 124 divide 566011144?
True
Does 1100 divide 11850300?
True
Is 771 a factor